 15 = -2*q, 4*d = 3*d + 3. Calculate the remainder when 412/28 - w/(-14) is divided by q.
6
Suppose 4 = -2*h + 12. Let u(n) = 2*n - 3*n - 7*n + h - 3. Calculate the remainder when 32 is divided by u(-1).
5
What is the remainder when 51639/147 - 8/28 is divided by 44?
43
Let v be (-4)/(((-3)/9*3)/(-1)). What is the remainder when 49 is divided by (0 + (-25)/20)*v?
4
Suppose 60 = -4*i + 20. Let v = 15 + i. Calculate the remainder when (-10*1)/(v/(-15)) is divided by 8.
6
Suppose -3*w - 9*j + 30 = -5*j, -5*j - 57 = -3*w. Suppose -141 = -4*i + 23. Calculate the remainder when i is divided by w.
13
Let v(g) = 2*g**3 + 50*g**2 - 58*g - 20. Let t(h) = -h**2 + h + 35. What is the remainder when v(-26) is divided by t(0)?
31
Suppose 86*w - 67*w - 5719 = 0. What is the remainder when w is divided by 51?
46
Let d = 10 - -5. What is the remainder when d is divided by 3 + 24/3 - (0 - -2)?
6
Suppose 11 = -3*k + 17. Suppose -3*s + h + 50 = 0, k*h - h + 18 = s. What is the remainder when 62 is divided by s?
14
Let b(g) = -2*g + 88. Calculate the remainder when b(-29) is divided by 38.
32
Suppose -5*b + 185 = -5*n, -11*b - 5*n = -15*b + 153. What is the remainder when 62 is divided by b?
30
Let o = 34 - 29. Calculate the remainder when 1/o + 454/5 is divided by 23.
22
Let j = 43 + -25. Let r = -90 - -53. Let z = r - -104. What is the remainder when z is divided by j?
13
Suppose -57 = -h - 55. Suppose 3*y = 4*a - 99, -4*y + 180 - 64 = 5*a. Suppose 2*q + 2*q = a. What is the remainder when q is divided by h?
0
Suppose 1411 = -7*w + 6157. Calculate the remainder when w is divided by 8.
6
What is the remainder when 11 is divided by (-2*3/12)/(2/(-12))?
2
What is the remainder when 125 - 10/(14 + -9) is divided by 9?
6
Let u = -366 - -526. What is the remainder when u is divided by 55?
50
Let k be (-7)/(-1) - (-2 - -3). Calculate the remainder when 21 - k/(-3) - -2 is divided by 14.
11
Let s be (-7)/(-9) + (-18)/(-81). Let k(b) = 28*b**3 - b**2 + b. What is the remainder when k(s) is divided by 15?
13
Let c = -259 + 451. Calculate the remainder when c is divided by 28.
24
Suppose 44 = 3*q + q. Let c = q - 6. Suppose -2*l + 4*l - 26 = 0. What is the remainder when l is divided by c?
3
Let r(i) = 2*i**2 + 3*i - 6. Let v(u) = -u**3 + 7*u**2 - 11*u + 22. What is the remainder when r(6) is divided by v(5)?
16
Let o = 240 + -103. Calculate the remainder when o is divided by 51.
35
Let q = -195 + 720. What is the remainder when q is divided by 66?
63
Let r = 1991 - 1964. Let p(t) = -t**2 - 2*t - 1. Let w be p(-2). Let g = 6 - w. Calculate the remainder when r is divided by g.
6
Let h = -12 - -151. What is the remainder when h is divided by 41?
16
Suppose -2*s = 5*k - 175, -4*s + 2*k + 396 = 106. What is the remainder when s is divided by 29?
17
What is the remainder when (23/(-4))/((-1)/44) is divided by 51?
49
Suppose -3*r = -4*r - 2*b - 1, 3*r + 2*b = -7. Suppose -4*t = 8, 5*t + 43 = 2*w + w. Let q = w + r. What is the remainder when 21 is divided by q?
5
Let w be 990/(-40)*40/(-3). Suppose 8*u + 90 = w. Calculate the remainder when 58 is divided by u.
28
Let t = 2452 - 2366. Let k(h) = -h**3 - 7*h**2 - 6*h + 3. Let q be k(-6). Suppose x = q*p - 69, p = -x + 3 + 16. Calculate the remainder when t is divided by p.
20
Suppose -5*n + 0*n + 268 = -2*j, -5*n + 240 = 5*j. Calculate the remainder when 414 is divided by n.
50
Suppose 5*m - 345 = 260. Calculate the remainder when m is divided by 24.
1
Suppose 2*c - 3*v = -v + 204, 5*c - 510 = -4*v. Calculate the remainder when c is divided by (-38)/(-2) - (-9 + 13).
12
Let x = 10 + 6. Let i(p) = p**3 + 4*p**2 - 28*p + 6. Calculate the remainder when i(-7) is divided by x.
7
Let z(s) = s**2 + 4*s - 11. Let p be z(-7). Suppose -5*l = -3*a + 30, -5*l = a - 3*l - p. Calculate the remainder when -2 - (-37 - (-3 - -6)) is divided by a.
8
Let r = -22 + 45. Let h(p) = 47*p + 2315. Calculate the remainder when r is divided by h(-49).
11
Let n be (1/(-3))/(2/6). Let v = 1 + n. What is the remainder when 56 is divided by 30 + (-1 - (0 - v))?
27
Let f = 75 - 61. Suppose -c = -0*c - f. Calculate the remainder when 40 is divided by c.
12
Suppose 3*q + 4*n = -8, 5*q - 11 = -4*n - 35. Let r(c) = -13 + 12*c - 7*c**2 - c**3 - 15*c + 2 + 7*c. Calculate the remainder when r(q) is divided by 8.
5
Let i(d) = 11*d + 6. Let l(h) = 9*h + 7. Let x(z) = -4*i(z) + 5*l(z). Let u be (2 + -14)/(6/(-4)). Calculate the remainder when x(u) is divided by 4.
3
Suppose -840 = 18*v - 32*v. What is the remainder when 236 is divided by v?
56
Let p(m) = m**2 - 4*m - 20. Let w be p(-10). Suppose -9*c + w = 6*c. What is the remainder when 22 is divided by c?
6
Let c = -511 + 545. Calculate the remainder when 99 is divided by c.
31
Let a(j) = j**2 + j - 4. Let f(p) = -10*p**3 - 4*p**2 - 4*p + 2. Suppose 3*z + 12 = -0*z + 3*d, -2 = -d. What is the remainder when f(z) is divided by a(6)?
36
Let o(s) = 5*s**2 - 3. Let u(z) = 16*z**2 - 10. Let h(x) = 10*o(x) - 3*u(x). What is the remainder when 2/(-9) + 272/9 is divided by h(2)?
6
Suppose -5*i + 13 = 3*l - 2, 0 = -4*l + 4*i - 12. Suppose -3*m + 2*r + 87 = -l*r, 0 = -5*m + 2*r + 141. What is the remainder when m is divided by 8?
3
Let q(v) = 102*v - 36. What is the remainder when q(2) is divided by 86?
82
Suppose 590 = v - 3*d, -33*v + 29*v + 2353 = -5*d. Calculate the remainder when v is divided by 19.
17
Suppose -3*t - 9 = 24. Let p(j) = 4*j + 4. Let b be p(4). Let v = b - t. Calculate the remainder when 122 is divided by v.
29
Let t(o) = 2*o**2 + 3. Let a be (-3)/(-6)*(-7 - -3). What is the remainder when 28 is divided by t(a)?
6
Let y = 121 + -70. Suppose -12*j = 2*c - 11*j - 66, 0 = -3*j + 6. Suppose y = -c*v + 35*v. Calculate the remainder when 48 is divided by v.
14
Let i be -190*(4 + 36/(-8)). Suppose -3*j = -8*j + i. What is the remainder when j is divided by 4?
3
Suppose 3*p = -s + 4 - 11, -5*p - 25 = 0. Suppose 0 = r - 2*v - 69, -13*r + s*r - v = -334. Calculate the remainder when 198 is divided by r.
64
Let w = 189 - 272. Let f = -57 - w. Let o = 48 + -33. What is the remainder when f is divided by o?
11
Let t = 51 - -3. Suppose j = 4*j - t. What is the remainder when 34 is divided by j?
16
Let x(d) = d**2 - 29*d - 21. Calculate the remainder when 340 is divided by x(31).
12
Let t = -21 + 34. Let p = 80 + -57. Calculate the remainder when p is divided by t.
10
Let a = 682 - 664. What is the remainder when 70 is divided by a?
16
Let t(b) = -2*b**3 - 2*b**2 + 8*b + 18. What is the remainder when 101 is divided by t(-3)?
11
Let h = 599 + -445. What is the remainder when h is divided by 53?
48
Suppose 0 = 4*i - 12 - 0. Suppose i*f + f = 0. Suppose -3*w + 7*w - 20 = f. What is the remainder when w is divided by 4?
1
Suppose -g = -3*g - a + 84, 0 = -g - a + 40. Suppose 0 = 3*k - 2*k. Let o(b) = b**2 + b + 15. Calculate the remainder when g is divided by o(k).
14
Suppose 8*x - x + 28 = 0. Let m(v) = v**3 + 5*v**2 - 2*v - 19. Calculate the remainder when m(x) is divided by 2.
1
Let q(x) = -x + 5. Let z be q(4). Let l = 1 + z. Suppose -g = 3*g, -182 = -l*m + g. Calculate the remainder when m is divided by 23.
22
Suppose 11*v + v = 96. Let j = -289 + 172. Let b = -79 - j. Calculate the remainder when b is divided by v.
6
Suppose 90 = g - 4*q, 4*g - q = -113 + 398. Let b = -40 + g. Suppose 3*k - 24 = -0*k. Calculate the remainder when b is divided by k.
6
Let s(k) = 4*k**3 + 6*k**2 + 4*k - 4. Let o be s(-4). Let j = o - -317. Calculate the remainder when j is divided by 20.
17
Let h = 277 + -251. What is the remainder when h is divided by 9?
8
Let t(g) = g**2 - 9*g - 95. What is the remainder when t(16) is divided by 8?
1
Calculate the remainder when 34 is divided by (12/8)/(12/56).
6
Suppose 0 = 4*o - 8*o + 12, -2*s - 2*o = -204. What is the remainder when s is divided by 21?
15
Suppose 2*f - 148 + 18 = 3*p, -4*f + p = -250. Suppose 0 = 17*o - 68 - 51. What is the remainder when f is divided by o?
6
Suppose -2*x + 30 = -u, 5*x - 6*x = 3*u + 104. Let j = u + 81. Calculate the remainder when j is divided by 8.
7
Let s = -64 + 217. Suppose -2*o + 4*x = 2*o + 300, -3*x + s = -2*o. Let j = -37 - o. Calculate the remainder when j is divided by 9.
8
Suppose -2*t = -5*p + 7*p - 22, t - 5 = 0. Calculate the remainder when 52 is 